{"id":5211,"date":"2025-02-02T20:19:18","date_gmt":"2025-02-02T19:19:18","guid":{"rendered":"https:\/\/www.nksvoboda.si\/?page_id=5211"},"modified":"2026-04-21T11:35:31","modified_gmt":"2026-04-21T09:35:31","slug":"pravilnik-o-zasebnosti","status":"publish","type":"page","link":"https:\/\/www.nksvoboda.si\/eng\/pravilnik-o-zasebnosti\/","title":{"rendered":"Pravilnik o zasebnosti"},"content":{"rendered":"<p>POLITIKA ZASEBNOSTI ZA MOBILNO APLIKACIJO NK SVOBODA LJUBLJANA<br \/>\nZadnja posodobitev: 20. 02. 2025<br \/>\nNogometni klub Svoboda Ljubljana (v nadaljevanju &#8220;klub&#8221; ali &#8220;mi&#8221;) spo\u0161tuje va\u0161o zasebnost in se zavezuje k varovanju osebnih podatkov uporabnikov na\u0161e mobilne aplikacije. Ta politika pojasnjuje, katere podatke zbiramo in kako z njimi ravnamo.<br \/>\n1. Splo\u0161ne informacije<br \/>\nAplikacija NK Svoboda Ljubljana je informativne narave in namenjena navija\u010dem, igralcem ter star\u0161em za spremljanje novic, rezultatov in urnikov kluba.<br \/>\n2. Zbiranje in uporaba podatkov<br \/>\nZa svoje delovanje aplikacija uporablja storitve Google Firebase. V okviru teh storitev se lahko zbirajo naslednji podatki:<br \/>\n\u2022<br \/>\nTehni\u010dni podatki: Anonimni podatki o napravi (model, razli\u010dica operacijskega sistema) za namene analitike in izbolj\u0161anja delovanja aplikacije.<br \/>\n\u2022<br \/>\nIdentifikatorji za potisna obvestila: Za po\u0161iljanje obvestil o klubskih dogodkih aplikacija uporablja anonimne \u017eetone (tokens), ki ne razkrivajo va\u0161e identitete.<br \/>\n\u2022<br \/>\nOsebni podatki: Aplikacija ne zbira osebnih podatkov (kot so ime, e-po\u0161ta ali telefonska \u0161tevilka), razen \u010de jih uporabnik sam prostovoljno posreduje preko kontaktnega obrazca ali vpisnega postopka.<br \/>\n3. Potisna obvestila (Push Notifications)<br \/>\nUporabljamo storitev Firebase Cloud Messaging za po\u0161iljanje pomembnih obvestil o tekmah, treningih in klubskih novicah. Ta obvestila lahko kadarkoli izklopite v nastavitvah svoje mobilne naprave.<br \/>\n4. Lokalna hramba podatkov<br \/>\nAplikacija na va\u0161i napravi shranjuje zgodovino prejetih obvestil (SharedPreferences), da vam omogo\u010di vpogled v pretekla sporo\u010dila tudi takrat, ko niste povezani v internet. Ti podatki ostanejo izklju\u010dno na va\u0161i napravi.<br \/>\n5. Zunanje povezave<br \/>\nAplikacija vsebuje povezave do:<br \/>\n\u2022<br \/>\nUradne spletne strani kluba (nksvoboda.si)<br \/>\n\u2022<br \/>\nDru\u017ebenih omre\u017eij (Facebook, Instagram)<br \/>\n\u2022<br \/>\nYouTube kanala kluba<br \/>\n\u2022<br \/>\nZunanjih partnerjev (npr. AP Nutrition)<br \/>\nKlub ne odgovarja za politiko zasebnosti ali vsebino teh zunanjih spletnih mest.<br \/>\n6. Pravice uporabnikov<br \/>\nUporabniki imate pravico do informiranosti o obdelavi podatkov. Ker aplikacija ne uporablja uporabni\u0161kih ra\u010dunov, ne zbiramo trajne baze va\u0161ih profilov.<br \/>\n7. Kontaktni podatki<br \/>\nZa vsa vpra\u0161anja v zvezi s to politiko zasebnosti nas lahko kontaktirate na: E-po\u0161ta: pisarna@nksvoboda.si , lukamajtan14@gmail.com Naslov: Gerbi\u010deva ulica 101, 1000 Ljubljana<\/p>","protected":false},"excerpt":{"rendered":"<p>POLITIKA ZASEBNOSTI ZA MOBILNO APLIKACIJO NK SVOBODA LJUBLJANA Zadnja posodobitev: 20. 02. 2025 Nogometni klub Svoboda Ljubljana (v nadaljevanju &#8220;klub&#8221; ali &#8220;mi&#8221;) spo\u0161tuje va\u0161o zasebnost in se zavezuje k varovanju osebnih podatkov uporabnikov na\u0161e mobilne aplikacije. Ta politika pojasnjuje, katere podatke zbiramo in kako z njimi ravnamo. 1. Splo\u0161ne informacije Aplikacija NK Svoboda Ljubljana je [&hellip;]<\/p>\n","protected":false},"author":1,"featured_media":0,"parent":0,"menu_order":0,"comment_status":"closed","ping_status":"closed","template":"","meta":{"footnotes":""},"class_list":["post-5211","page","type-page","status-publish","hentry"],"_links":{"self":[{"href":"https:\/\/www.nksvoboda.si\/eng\/wp-json\/wp\/v2\/pages\/5211","targetHints":{"allow":["GET"]}}],"collection":[{"href":"https:\/\/www.nksvoboda.si\/eng\/wp-json\/wp\/v2\/pages"}],"about":[{"href":"https:\/\/www.nksvoboda.si\/eng\/wp-json\/wp\/v2\/types\/page"}],"author":[{"embeddable":true,"href":"https:\/\/www.nksvoboda.si\/eng\/wp-json\/wp\/v2\/users\/1"}],"replies":[{"embeddable":true,"href":"https:\/\/www.nksvoboda.si\/eng\/wp-json\/wp\/v2\/comments?post=5211"}],"version-history":[{"count":3,"href":"https:\/\/www.nksvoboda.si\/eng\/wp-json\/wp\/v2\/pages\/5211\/revisions"}],"predecessor-version":[{"id":7814,"href":"https:\/\/www.nksvoboda.si\/eng\/wp-json\/wp\/v2\/pages\/5211\/revisions\/7814"}],"wp:attachment":[{"href":"https:\/\/www.nksvoboda.si\/eng\/wp-json\/wp\/v2\/media?parent=5211"}],"curies":[{"name":"wp","href":"https:\/\/api.w.org\/{rel}","templated":true}]}}